7. Suppose 3*o - m = -0*o. List the prime factors of o.
5
Suppose -26 = -4*a + 38. Suppose a + 16 = 4*x. What are the prime factors of x?
2
Suppose 0 = x - 7 - 10. List the prime factors of x.
17
Let r = 18 + 33. What are the prime factors of r?
3, 17
Let z be 4/2 - (-2)/2. Suppose 2*u = 10, -2*d + 52 - 11 = z*u. What are the prime factors of d?
13
Let c be 44/6 + 2/(-6). Let s be c + (0 - 0)/(-3). Suppose -d = -2*d + s. What are the prime factors of d?
7
Let q(z) = 11*z**3 + 2*z**2 - 1. List the prime factors of q(1).
2, 3
Suppose 0 = 6*d - d - 20. Suppose d*j = 10 + 10. Suppose j*i - 22 = 63. List the prime factors of i.
17
Let p(o) = -14*o - 1. Let j be (1 - 4)*(-2)/(-6). Let m be p(j). Let h = m - 2. List the prime factors of h.
11
Let i(t) = t**2 + 8*t - 5. Suppose 0 = 9*r - 4*r + 45. What are the prime factors of i(r)?
2
Let f(w) = -w**2 + 5*w - 1. Let c be f(4). Let p(v) = v**2 + c*v - 4*v**2 + v + v**3. What are the prime factors of p(3)?
2, 3
Let b(u) = 6*u + 1. Suppose 0 = 3*g - 4*v - 29, -10 = v + v. What are the prime factors of b(g)?
19
Suppose -3*m = -2*s - 8, 4*s - 5 + 1 = m. Suppose s*j - 1 = 5. What are the prime factors of 9 + -2 + j + -1?
3
Let o be (-13)/3 - 2/(-6). What are the prime factors of o*(-2)/4*1?
2
Let d(k) = k**2 + 5*k - 2. Let w = 15 + -25. Let h = 4 + w. List the prime factors of d(h).
2
Suppose -3*i + 11 = -5*x + 3*x, -2*x + 2*i - 6 = 0. Suppose -x*h + 4*v + 36 + 84 = 0, 264 = 5*h - v. List the prime factors of h.
2, 13
What are the prime factors of (12/(-9))/((-1)/6)?
2
Let b(n) = -4*n + 1. Let j be b(-2). Let c(y) = -y - 17. Let m(o) = -9. Let f(x) = -2*c(x) + 5*m(x). List the prime factors of f(j).
7
Suppose -3*a - 94 - 116 = 0. Let g = a - -104. What are the prime factors of g?
2, 17
Let n(y) = -7*y - 7. Let r be n(-5). Let h = r - -16. List the prime factors of h.
2, 11
Suppose 0 = -10*b + 64 + 196. List the prime factors of b.
2, 13
Let p(j) be the first derivative of j**3/3 - 2*j - 2. What are the prime factors of p(4)?
2, 7
Suppose -v = -3*g - 83, 3*v + 4*g - 7 = 242. List the prime factors of v.
83
Suppose 5*q + 3*o - 103 = 0, 5*o = -q - 3*q + 85. Suppose -3*t + q = -13. What are the prime factors of t?
11
Suppose -15 = 3*g - 117. List the prime factors of g.
2, 17
Let c = -139 + 247. List the prime factors of c.
2, 3
Suppose -k = -1 - 2, 4*r + 5*k - 303 = 0. List the prime factors of r.
2, 3
Let m(a) = a. Let i be m(3). Let t be (2 - (1 + 0)) + 8. Suppose z = -h - 1, -2*z - i*h + 3 = t. What are the prime factors of z?
3
Let q be (3 + (-7)/2)*-4. Suppose 0*o - 2*o = -5*b - 51, q*o - 11 = -3*b. Suppose 4*p - 27 = o. What are the prime factors of p?
2, 5
Suppose -10*z = -8*z - 6. List the prime factors of z.
3
What are the prime factors of (4 - -4)/(0 - (-5)/60)?
2, 3
Suppose -2*y - 2 + 6 = 0. Suppose y*u - 7 - 7 = 0. List the prime factors of u.
7
Let l = -16 - -10. Let o(c) = -c**3 - 7*c**2 - 7*c + 3. Let q be o(l). Let z(u) = 2*u - 11. List the prime factors of z(q).
7
Let c = 669 - 253. What are the prime factors of c?
2, 13
Suppose 4*h - 2*w + 418 = 0, -4*w + 53 - 237 = 2*h. Let o be (-3)/(9/h) - 2. Suppose 0 = -3*r + r + o. List the prime factors of r.
2
Let u = -3 - 8. Let v = u + 19. List the prime factors of v.
2
Suppose 2*x + 3*t = 46, t - 54 = -3*x + 4*t. Suppose f = -0*p + 3*p - 75, 2*f = p - x. Suppose s + s - p = -r, 2*s - 10 = 3*r. What are the prime factors of s?
11
Suppose 2*l = -2*b + 68, -3*b - b - l + 124 = 0. What are the prime factors of b?
2, 3, 5
Let s = 351 + -171. Suppose 6*f - s = 2*f. Suppose 0 = n - 6*n + f. List the prime factors of n.
3
Let s(y) = -2*y**3 - 2*y**2 + 2*y + 2. Suppose 0*w + 2*w + 4 = 0. List the prime factors of s(w).
2, 3
Let b(f) = 7*f + 11. List the prime factors of b(8).
67
What are the prime factors of -5*(4 + -4 + -2)?
2, 5
Let b be -8*((-20)/(-16) + 0). What are the prime factors of 2/(-4) - b/4?
2
Let b(g) = g**3 + 5*g**2 - 4*g. Let k be b(-6). Suppose n - 15 = -2*t, 4*n + 4*t = -t + 69. Let y = n + k. What are the prime factors of y?
3
What are the prime factors of 5 + 27*34/3?
311
Let i = -19 + 6. Let n be 2/i - 469/(-91). Suppose -5*c + 37 = k, 0 = -n*k - 0*k + 5*c + 65. List the prime factors of k.
17
Let x(j) = 2*j**2 + 11*j - 1. Let o(h) = -h**2 - 5*h + 1. Let f(d) = -5*o(d) - 3*x(d). What are the prime factors of f(-6)?
2, 5
Let w(p) = -p**2 + 2*p + 1. Let q be w(-1). Let g = -2 - q. Suppose 4*t + 4 = 3*i - g*t, 3*t = 15. What are the prime factors of i?
2
Suppose -4*n = -4, 4*l - 10 = -4*n + 2. Suppose -5*w + 76 = 4*q, -3*w + l*q + 32 = q. Suppose -2*p + w = 3*p - 2*g, 5*g - 16 = p. List the prime factors of p.
2
Let u(w) = 2*w**2 + 6*w - 3. Let a be u(-6). Let p = a + -51. List the prime factors of (-238)/p - 4/18.
13
Let h(c) be the second derivative of -c**5/20 - 3*c**4/4 - 3*c**3/2 - 4*c**2 - 3*c. Let t be h(-8). Suppose t = -a - 0*a + 8. List the prime factors of a.
2
Suppose -7*g + 2*g + 115 = 0. List the prime factors of g.
23
Let l = 9 - 3. Let b = l - 3. Suppose -7 + 37 = b*h. What are the prime factors of h?
2, 5
Let k(o) = o + 1. Let h be k(5). Suppose -20 = -11*d + h*d. List the prime factors of d.
2
Suppose -3*t - 5 = -107. Suppose 3*h + 35 = -19. Let d = h + t. List the prime factors of d.
2
Let o be 2 - (1 + (1 - 2)). Suppose -i + 2*q + 17 = q, -o*i - 2*q = -14. What are the prime factors of 3/i + 62/8?
2
Let v = -7 - -104. List the prime factors of v.
97
Suppose 2*a - 222 = -3*a - 2*o, 5*a - 218 = -3*o. List the prime factors of a.
2, 23
Suppose -5*t + 3*t = -342. Let u = 244 - t. Suppose u = 5*y - 22. What are the prime factors of y?
19
Let y be -4 + 2 - (-2 + 0). Suppose y = 3*x - 2*x - 15. Suppose 3*f + x = j + 48, -3*f + 45 = 3*j. What are the prime factors of f?
2, 3
Let y(i) = 4*i + 1. Let t be 2/(-11) - 1264/(-176). List the prime factors of y(t).
29
Suppose 3248 = 11*j + 3*j. What are the prime factors of j?
2, 29
Let w(t) = -t**3 + 4*t**2 + 8*t - 4. Let q be w(5). Suppose 4*k + 1 + 3 = 0. Let a = k + q. What are the prime factors of a?
2, 5
Suppose 5*p - y = 766, 0 = -2*p + 4*y + 11 + 281. What are the prime factors of p?
2, 7, 11
Let a = 4 + -11. Let x(j) = j**2 + 6*j - 3. Let k be x(a). List the prime factors of k - 0/(-1*2).
2
Suppose 5*u = -0*u + 45. Suppose 4*q - 13 = -3*k - 0*q, -3*k + 6 = -3*q. Suppose -k*j + 27 = -u. List the prime factors of j.
2, 3
Suppose -5*g - 75 = -4*y, 4*g - 5*y + 24 = -45. Let d = 12 - g. What are the prime factors of d?
23
Let h(l) be the third derivative of 3*l**6/40 + l**5/30 - l**4/24 + 8*l**2. List the prime factors of h(1).
2, 5
Let m = -25 - -43. Let h = m - 12. Let n(i) = i**3 - 5*i**2 - 6*i + 6. What are the prime factors of n(h)?
2, 3
Suppose j - 4*j = -48. Let z = 23 - 16. Let i = j - z. What are the prime factors of i?
3
Let i be (2/(-3))/(6/(-45)). Suppose -5*d - 5*n = -i, d + 0*d = -5*n - 7. Suppose 0 = -d*g - 7*r + 4*r + 33, 3*r - 15 = -g. What are the prime factors of g?
3
Suppose -5*t + 26 = -4*x - 26, 0 = -x - 3*t + 4. Let l = -2 - x. List the prime factors of l.
2, 3
Let u = -51 - -79. What are the prime factors of u?
2, 7
Suppose -b - 3*o + 60 = 0, -3*b + 0*o = -4*o - 232. Suppose i + i - b = 0. List the prime factors of i.
2, 3
Let b = -7 - 3. Let o(s) = s + 12. List the prime factors of o(b).
2
Let c = 29 + -15. List the prime factors of c.
2, 7
Let f(p) = p**3 - 4*p**2 + 2*p. Let s be f(4). Let v(o) = o**2 - 4*o + 19. List the prime factors of v(s).
3, 17
Suppose 90 - 317 = p - 2*c, -p + 3*c - 228 = 0. Let r = 339 + p. What are the prime factors of (-1)/4 + r/8?
2, 7
Suppose 0 = -3*m + 164 + 76. What are the prime factors of m?
2, 5
What are the prime factors of 11 - (0 - (4 - 2))?
13
Let k = 5 + -1. Suppose 44 = 2*u + 2*b, 5*u - 3*b - 18 = k*u. List the prime factors of u.
3, 7
Suppose -4*h - 1 = 5*t + 15, 0 = -4*h + t + 8. Let a be (-35)/(-3) - h/(-3). Suppose g + 0*q + a = -5*q, -2*q - 9 = -g. List the prime factors of g.
3
Suppose 13*m - 10*m - 195 = 0. What are the prime factors of m?
5, 13
Let q be (2/4)/(2/88). Let h be 31*-1*(-1)/1. Let f = h - q. What are the prime factors of f?
3
Let i be 1 + (-1 - 1)*-1. Suppose i*r - l + 32 = 112, -r + 2*l + 35 = 0. Suppose 3*w = -u - u + r, 3*w = 5*u - 52. What are the prime factors of u?
11
Let q = 442 + -295